32*r**2 + 41*r + 50. Let h(a) = 13*d(a) - 5*y(a). Give h(-5).
20
Let b(n) = -2 + 201*n - 6 - 331*n**2 + 165*n**2 - 193*n + 167*n**2. Give b(-9).
1
Let o(p) = -p + 2. Let h = 14 - 10. Suppose 0 = 3*u - 2*x + 11, -2 = -5*u - h*x + 9. Let z be (3 + u)*7/(-2). Give o(z).
9
Suppose -3*u - 27*c = -24*c - 30, -4*u = -14*c - 130. Let z(x) = -x**3 + 15*x**2 - x - 33. What is z(u)?
-48
Let c(a) = 22*a - 19. Let b = 98 + -97. Give c(b).
3
Let m(o) be the second derivative of o**5/20 - o**4/3 - o**3/6 - 17*o + 7. Calculate m(4).
-4
Let i be (-2 - -8)/(5/1070*-4). Let b = i + 310. Let v(r) = r**2 + 9*r - 17. Give v(b).
5
Suppose -4*h + 7 - 13 = -3*u, -5*u = 3*h - 10. Let b(a) = -8*a - a - 12*a + 28*a + u. Determine b(2).
16
Let w = 270 + -258. Let d(z) = 11 + 3*z + w + 16 - 40. What is d(-2)?
-7
Let x be (-34)/153 + (-274)/(-18). Let h(v) = v**3 - 15*v**2 + 2. Let u be h(x). Let o(c) = 1 + 8*c**2 - 7*c**u - 3*c + 0*c**2. Calculate o(5).
11
Let l be (-15)/6*(4 + -2). Suppose -y = -4 - 1. Let z(s) = 7*s - 3*s - 5*s + y. Give z(l).
10
Suppose 72 = 11*c - 5. Suppose -2*a - 5*t = 12, -1 = -c*a + 2*a + 3*t. Let g(n) be the second derivative of -n**3/6 + 2*n. Give g(a).
1
Let g(t) = 0 - 16 + 7 + 9 + 3 - t. Suppose 6*h = 3*h + 12. Suppose -2*j - 3*k = k - 24, 3*k + h = 4*j. Give g(j).
-1
Let f = -17 - -26. Let d(p) = f*p**3 - 1 - 8*p**3 - 9. Let y be 78/182 - (-3)/(-7). Determine d(y).
-10
Suppose 2*p + 4*a - 2 - 12 = 0, 3*p + 3*a - 15 = 0. Suppose 5 = -5*i - 3*t + 29, p*t + 6 = 0. Suppose 0 = -i*b - 11*b - 17. Let j(o) = -7*o. What is j(b)?
7
Let y(k) = -2*k + 38. Suppose 400 = -121*f + 141*f. Calculate y(f).
-2
Suppose 0 = y - 6*y + 30. Let a(h) = -27*h**2 + 20*h + 39. Let b(v) = 17*v**2 - 13*v - 25. Let c(f) = -5*a(f) - 8*b(f). Determine c(y).
-7
Suppose 43 - 8 = -5*g. Let c(r) = -4 - 7 - 3*r + 3 - 2. What is c(g)?
11
Suppose -7*z = -14*z + 7. Let h(u) = -7*u**3 - 5*u**2 - 9*u - 5. Let v(r) = -r**3 - r**2 - 2*r - 1. Let j(d) = h(d) - 5*v(d). Determine j(z).
-1
Let q(v) = 2*v + 2. Suppose -6 = 2*h + 2*x, -8 = 4*x - 2*x. Let z(b) = -b. Let t(o) = h*q(o) + 3*z(o). Calculate t(-2).
4
Suppose 79*g = -580 - 289. Let c(x) = -x**2 - 15*x + 9. Give c(g).
53
Let o = 43 - 38. Suppose -x - o = -5. Suppose x = -2*k + y - 3*y, -12 = k + 5*y. Let z(n) = -n**3 + 3*n**2 - 3*n - 4. Give z(k).
-13
Let a(o) = 3*o**2 - 65*o - 64. Let u(r) = -2*r**2 + 43*r + 42. Let i(t) = 7*a(t) + 10*u(t). Calculate i(27).
26
Let u(n) = -17*n - 5. Let v(q) = -20*q - 11. Let p(t) = 5*u(t) - 4*v(t). What is p(13)?
-46
Let y = 150 + -124. Let s(u) = y - 7*u**3 - u + 7*u**2 - 5*u**3 - 32 + 11*u**3 - 2*u. What is s(6)?
12
Let o(w) = w**3 + 3*w**2 + 3*w + 2. Let n(a) = a**2 - 5. Let m be n(3). Suppose 0 = 4*l + m*c, -13 + 1 = l - 5*c. Calculate o(l).
0
Let f(d) = -9*d - 221. Let s(o) = -27*o - 611. Let h(r) = -8*f(r) + 3*s(r). What is h(-5)?
-20
Let j(d) = d**3 - 9*d + 6. Let r be (27/(-18))/((-29)/(-8) + -4). Determine j(r).
34
Let h = -8 - -9. Let f be -4 - (h - 3)*-1. Let k(w) = w - 24 + 70 - 24 - 20. Calculate k(f).
-4
Let j(u) = 2*u**3 - 39*u**2 - 117*u - 84. Let l(s) = -3*s**3 + 58*s**2 + 195*s + 127. Let z(v) = 8*j(v) + 5*l(v). Give z(20).
-57
Let y = -477 - -479. Let v(s) = -6 + 6*s - 1292*s**2 + 1293*s**y - 9*s. Give v(0).
-6
Let p(u) = 18 + 3*u**3 + 45*u - u**3 - 10 - 30*u + 13*u**2. Give p(-5).
8
Let l(v) = 24*v - 10. Suppose -9*i - 20 = -13*i. Let q(r) = 16*r - 7. Let c(h) = i*l(h) - 7*q(h). Give c(1).
7
Let w be -1 + (-10)/(-2) + 1. Let h(g) = 103 + g**3 - 195 - 6*g**2 + 98 + w*g. What is h(5)?
6
Let a = 19010 + -18950. Let c(o) = o**2 - 64*o + 244. Give c(a).
4
Let j(f) be the third derivative of -f**6/120 - f**4/8 - f**3/6 + 1451*f**2 + 4*f - 2. What is j(2)?
-15
Let o(l) = -2 - 326*l**2 + 161*l**2 - 15*l - 4 - 2 + 166*l**2. Calculate o(15).
-8
Let y(o) = o**2 - 14*o + 56. Let d(z) = z**2 - 29*z - 56. Let s be d(31). Give y(s).
8
Let h(v) = v**3 + 9*v**2 - 9*v - 3. Let t be 1*((-6)/(-1) - (-1 + 4)). Suppose 2*x + 0 = 2*n - 24, -24 = t*x + 3*n. Give h(x).
-13
Let x be -6 - 3/(-1) - 9. Let q(p) = -2*p**2 - 24*p + 5. Let n be q(x). Let y(l) = -l**3 + 5*l**2 - 3*l + 7. Determine y(n).
-8
Let o(b) = -b**3 - 6*b**2 + 4*b + 8. Let m(c) = c**3 + 9*c**2 - 37*c - 18. Let s(l) = -10*l - 222. Let u be s(-21). Let n be m(u). What is o(n)?
-16
Let g(j) = j**3 - 4*j**2 - 5*j - 2. Suppose -5*n - 66 + 6 = -4*k, -4*k - 2*n + 88 = 0. Let d be 438/18 - (-2)/3. Let f = d - k. Calculate g(f).
-2
Let r(u) = u**2 + 9*u - 8. Let o(j) = -j**3 - 7*j**2 + 92*j + 524. Let b be o(-11). Calculate r(b).
-28
Let z(t) be the third derivative of t**5/30 + t**4/6 + 2*t**3/3 - 68*t**2. Let y(g) = -g**3 - g**2 - g + 2. Let r be y(0). Suppose -3 = r*d + 3. Calculate z(d).
10
Suppose z - 12 = -2*s - 2, 0 = 5*s - 5*z - 10. Let a(j) = s*j**3 + j + 0*j - 4*j**3 + 3*j**3. Calculate a(1).
4
Let t(d) = 4*d**3 - 3*d**2 - 4*d - 12. Let y(n) = -9*n**3 + 6*n**2 + 10*n + 25. Let z(o) = 7*t(o) + 3*y(o). Determine z(4).
15
Let f(x) = x**3 + x**2 - 3*x + 8. Suppose t = -m + 2*m + 147, 0 = -3*t + 9. Let o = m - -144. Give f(o).
8
Let o(y) = 42*y - 381. Let d be o(9). Let j(m) = 4*m**2 - 2*m - 2. Determine j(d).
40
Let p(w) be the first derivative of -w**3/3 + w**2/2 - 22*w - 2. Let z be (1 - 1)*(229 + -228). Give p(z).
-22
Suppose -z + 1 + 1 = 0. Suppose -z*t = 4*x, 0 = 2*x - t + 2 + 2. Let c(r) = -11*r + 932. Let h(n) = 12*n - 799. Let k(m) = -6*c(m) - 7*h(m). What is k(x)?
19
Let v be (28 - 4767/168)/(6/(-16)). Let l(y) = -26*y + 17. What is l(v)?
-9
Let s(n) be the third derivative of 7*n**4/6 + 45*n**3 + 3*n**2 - 205*n - 3. Calculate s(-9).
18
Let w(z) = 4*z. Let l be 12/(-14)*5/((-25)/105). Suppose 0 = -2*t + t + j - 7, -l = 3*t - 2*j. What is w(t)?
-16
Let j(u) = 14*u - 12. Suppose 104*b + 93*b = 179*b + 36. Give j(b).
16
Let u(z) be the first derivative of z**3 + 5*z**2 - 27*z + 20. Let i(j) = j**2 + 3*j - 9. Let t(b) = -8*i(b) + 3*u(b). Determine t(-8).
7
Suppose 0 = k - 6 - 10. Let p(y) = 30*y - 13*y - 4 - k*y. Suppose 0*g = 2*g - 12. Determine p(g).
2
Let j = -37 - -49. Suppose 2*u = -3*i + j, 2*u - 2*i + 12 = 4*u. Suppose 0 = g - u + 11. Let s(t) = -t**3 - 4*t**2 + 6*t + 7. Give s(g).
2
Let u(g) = 8*g - 15. Let z(q) = 2*q - 4. Let b(m) = -2*u(m) + 9*z(m). Let n = 12208 - 12200. What is b(n)?
10
Let i(d) = d**2 + 34*d + 12. Let s be i(-35). Let x = -52 + s. Let w(g) = -g - 3. Give w(x).
2
Let m be 10*((-12)/(-15))/1. Let w(i) = 5 + 21 - 60 + 2*i + 21. Calculate w(m).
3
Let y be -3 + (-1 - -4) - -3. Let i be (7/(-6))/(y/(-18)). Let k(u) = -u**3 - 107*u + 107*u + 5*u**2 - i. Give k(5).
-7
Let s(p) = p**2 - 6*p - 2. Let c be 3/(-9)*(-2 + 5 - 12). Suppose c*w + 10 + 5 = x, 9 = -3*x. Let j be (-2)/16*w - (-39)/12. Give s(j).
-10
Let p(n) be the first derivative of n**4/2 + 2*n**3/3 - n**2 - n - 22. Suppose 25*c - 8 = 21*c. Let a be ((-3)/(-6))/(c/8). Give p(a).
19
Let l = 20 - 13. Let p(m) be the second derivative of 5/6*m**3 + 0 - 1/12*m**4 - 21*m + 9/2*m**2. Give p(l).
-5
Let m(z) = 1 + 12264*z - 24546*z + 12275*z - 2*z**2. Determine m(-4).
-3
Let b(f) be the second derivative of f**3/6 - 5*f**2/2 + f. Let a = -347 + 225. Let i = a - -128. What is b(i)?
1
Let f(h) = h + 1. Let r = 45 + -130. Let y = r + 87. Let m be -3 - -1 - (1 - y). Calculate f(m).
0
Let z = 7 - -2. Let r(w) be the first derivative of -w - 7*w - w**2 + 12 + z*w. What is r(3)?
-5
Let f(z) = 1990*z + 1991*z + 1997*z + 25 - 7979*z + 2000*z. Calculate f(-4).
29
Let p(c) = -2*c - 21*c + 1 + 9*c - 4. What is p(-2)?
25
Let u(b) = -b**3 - 11*b**2 + 7*b + 1. Let i(z) = z**2 - z. Let s(v) = 4*i(v) + u(v). Let c(t) = t**3 + 7*t**2 - t. Let p(k) = 2*c(k) + 3*s(k). What is p(-8)?
11
Let t = 1 + 2. Let h(p) = 6*p - 5 + 2 + 1168507*p**2 - 1168508*p**2. Determine h(t).
6
Let t be (-9)/(-6) + ((-1116)/(-24))/(-31). Let k(g) be the second derivative of -3/2*g**2 + 1/3*g**3 + 9*g + t. What is k(2)?
1
Let n be (-4)/10 + (-847)/(-55). Let i be 4/(-6)*(0 + -2361). Let p(r) = 3*r**2 + i - 2*r**2 - n*r - 1557. Calculate p(14).
3
Let j(a) be the first derivative of -a**7/210 + a**6/180 - 2*a**3/3 + 11*a**2/2 + 68. Let l(r) be the third derivative of j(r). What is l(2)?
-24
Let a(m) = m**3 + 7*m**2 + 10*m + 3. Let t = -391 + 393. Let l be (-5 - -10)/(t + -2 - 1). Determine a(l).
3
Let p(n